 remainder when f is divided by 1?
0
Suppose -1 - 5 = 2*d. What is the remainder when 1*(-10 + d)*-1 is divided by 5?
3
Suppose 0 = -3*i + 2*i + 4. Suppose -w = -3*w + 2. Suppose -q + 12 = w. What is the remainder when q is divided by i?
3
Suppose 0 = -5*h - 4 + 29. What is the remainder when 9 is divided by h?
4
Let u = -2 + -31. Suppose i - 188 = 3*k - 21, k - 3*i + 69 = 0. Let v = u - k. Calculate the remainder when 41 is divided by v.
20
Let n = 23 + -12. Let h be (6/(-4))/((-4)/8). Suppose 0*i = h*i - 63. Calculate the remainder when i is divided by n.
10
What is the remainder when 143 is divided by (2 - (-32)/(-12))/((-1)/18)?
11
Let k(g) = -4*g**3 - 2*g**2 + 2*g. Let r be k(-2). Suppose -r = -3*u + 7*u, 3*m = u + 26. Calculate the remainder when 0/1 + m + 4 is divided by 4.
3
What is the remainder when (-4)/(69/(-21) + 3) is divided by 2/12 + 87/18?
4
Suppose 753 = 19*s - 273. What is the remainder when 321 is divided by s?
51
Suppose 0*a - 24 = 4*a. What is the remainder when 6*(14/a + 3) is divided by 4?
0
Let x = 37 + -12. Calculate the remainder when 72 is divided by x.
22
Suppose -16 = -2*t - 3*j, 3*t + 0*t = -4*j + 23. Let m = -2 + 6. Suppose 0 = 5*x - 6*n + m*n - 57, 5 = x - 2*n. Calculate the remainder when x is divided by t.
3
Suppose -4*z - 100 = -4*q, -3*q = -z - 46 - 31. What is the remainder when q is divided by (4/(8/18))/1?
8
Let i be ((-15)/6 - -3)*20. Calculate the remainder when 16 is divided by (-18)/i*10/(-2).
7
Let l = 8 - 2. Suppose -9 = -y + l. Suppose -3*d + 4*d = -4*a + 115, 142 = 5*a + 3*d. What is the remainder when a is divided by y?
14
Let u be 14 - 1/(1 - 0). Let n = u - 0. Let m = 8 - 1. Calculate the remainder when n is divided by m.
6
Let q = 27 - 10. Calculate the remainder when q is divided by 3.
2
Let t(n) = 6*n - 5. What is the remainder when 24 is divided by t(3)?
11
Let q(o) = o**2 - 16*o + 2. Let l be q(16). What is the remainder when ((-8)/10)/(6/(-15)) is divided by 2/(-12)*-3*l?
0
Let s(y) = -y**3 + y**2 - y. Let k be s(2). Let i = 8 + k. Calculate the remainder when 5 is divided by i.
1
Suppose -2*u + 210 = 3*u. Suppose u = k + k. Calculate the remainder when k is divided by 11.
10
Suppose -122 = -3*q - 23. Suppose -q = -4*l - 1. Calculate the remainder when l is divided by 5.
3
Let x = -1 - 5. Let k(n) = -n**3 - 4*n**2 + 5*n - 7. Let v be k(x). Calculate the remainder when v/11 + (-8)/44 is divided by 2.
1
Let i = -2 - -9. Suppose -2*h + 64 = 2*h. What is the remainder when h is divided by (2 - 2) + 2 + i?
7
Let t = -3 - -5. Suppose 2*k + 60 = 8*k. Let v = k + -7. Calculate the remainder when v is divided by t.
1
Let r(x) = -2*x**3 + x**2 + x. Let d = -6 + 7. What is the remainder when r(-1) is divided by d?
0
Let n(d) = -d**2 - 11*d + 5. Let u be n(-11). Let t(x) = -x + 10. Let s be t(u). Suppose -s*a = -2*a - 15. Calculate the remainder when a is divided by 2.
1
Suppose -5*n = -2*n. Let b(l) = -2*l - 7. Let o(v) = -v + 1. Let c(k) = -b(k) + 3*o(k). What is the remainder when 28 is divided by c(n)?
8
Let w = 16 + 1. Calculate the remainder when 98 is divided by w.
13
Let o be (3 - 4/2)*124. Calculate the remainder when o/(-1)*1/(-4) is divided by 8 - 1/((-4)/12).
9
Let t(o) = 26*o**2 + 2*o + 1. Let l be t(-1). Suppose 3*w - h - 34 = 0, -5*w = 3*h - l - 41. What is the remainder when 22 is divided by w?
10
Suppose -3*y = -5 - 1. Calculate the remainder when y/6 - (-190)/15 is divided by 5.
3
Let o(v) = v**2 - v + 2. Calculate the remainder when 93 is divided by o(-5).
29
Let b(h) = -h**3 - 7*h**2 - 6*h + 1. Let l be b(-6). Let g be 1 - (1 - l)/(-2). Calculate the remainder when 5 is divided by (g - 4)*(-1 - 0).
2
Suppose 5*j - 78 = -j. What is the remainder when 51 is divided by j?
12
Suppose 2*o - 25 - 68 = b, -o = 4*b - 60. Let m = o + -18. What is the remainder when m is divided by 8?
6
Let o(d) = -d**3 - 6*d**2 + 11. Suppose -9*h = -7*h + 12. Calculate the remainder when 31 is divided by o(h).
9
What is the remainder when -1 + 0 + 4 + 79 is divided by 21?
19
Let f = 135 - 111. Calculate the remainder when 143 is divided by f.
23
Let w be 10/3 + 10/15. Suppose -7 + 27 = 4*i - b, 0 = 4*b. Suppose 58 = i*h + j, -j = 4*h + w*j - 38. What is the remainder when 35 is divided by h?
11
Suppose 0 = -6*o + 2*o + 8. Let s = o + 4. Suppose -2*z - 3*i + 19 + s = 0, 4*z = -4*i + 52. What is the remainder when 27 is divided by z?
13
Let p(w) = 16*w + 1. Let a be p(-1). Let k = a - -31. What is the remainder when 79 is divided by k?
15
Let t = -11 - -22. Suppose 2*q + 7*q = 387. Calculate the remainder when q is divided by t.
10
Let a(t) = -t**2 - 12*t - 3. Let b be a(-6). Let y = b - 8. What is the remainder when y is divided by 13?
12
Let m = -14 + 44. What is the remainder when m is divided by 11?
8
What is the remainder when -12*36/(-16)*2 is divided by 14?
12
Let j = 9 + -7. Let c(l) = 0*l + 3*l - l + j - 11. Calculate the remainder when 9 is divided by c(7).
4
Suppose -5*b = -b. Suppose -5*l - 10 = 0, l - 24 = -2*o - b. What is the remainder when o is divided by 5?
3
Suppose 11 = 3*b - 4. Suppose -c = -2*a + 480, -b*a - 4*c + 937 = -237. Suppose a - 8 = 5*s. What is the remainder when s is divided by 16?
14
Suppose 0 = n - 5*g - 35, -g + 16 = 3*g. Suppose 5*h - 50 = n. What is the remainder when h is divided by 12?
9
Suppose -15 = 3*t, j - 154 = 3*t - 0*t. Suppose 0 = 5*w - 106 - j. Calculate the remainder when w is divided by 17.
15
Let c = -12 - -28. Calculate the remainder when 28 is divided by c.
12
Let i = 214 + -140. What is the remainder when i is divided by 19?
17
Let r(l) = l**2 - 4*l - 1. Let v be r(5). Suppose -40 = -5*w + v*w. Suppose -n + 3*n = 28. What is the remainder when w is divided by n?
12
Calculate the remainder when 72 is divided by (-1)/((-5)/(-150)*-1).
12
Let u(x) = x + 1. Let h(f) = -f. Let n(v) = 6*h(v) + u(v). What is the remainder when 16 is divided by n(-1)?
4
Let v(f) = f**3 - 8*f**2 + 8*f + 5. Calculate the remainder when 47 is divided by v(7).
11
Let g(v) = -v**3 + 11*v**2 - 5*v + 4. Suppose 2*j - 50 = -2*j - 2*p, 4*p = -12. Calculate the remainder when g(10) is divided by j.
12
Suppose -5*n + 16 = 2*d, d = -0*d + 4*n - 18. Let z(y) = 2*y**2 + 2*y**2 + 2*y + 1 + y**3 + 1. Calculate the remainder when z(d) is divided by 4.
2
Let z = -15 + 69. Calculate the remainder when z is divided by 14.
12
Let g(y) be the first derivative of -y**4/4 + 5*y**3/3 - y**2 - y - 5. Let l(v) = -v**2 - 4*v + 3. What is the remainder when g(4) is divided by l(-4)?
1
Suppose 3*l - 2*d = 20 - 142, 3*l + 130 = -2*d. Calculate the remainder when -10*l/15*1 is divided by 10.
8
Suppose -3*p - u = -25, -u - 39 = -3*p - 2*p. Suppose -5*x + p - 28 = 0. Let g(m) = -m**2 - 5*m + 4. Calculate the remainder when 23 is divided by g(x).
7
Let q = 9 + -6. Calculate the remainder when q is divided by 1.
0
Let k = 57 - -33. Calculate the remainder when k is divided by 23.
21
Calculate the remainder when 54 is divided by 45/(-6)*-2 + -1.
12
Let h(r) = r - 1. Let v be h(-4). Let a(x) = x**2 - 3*x + 5. Let l be a(4). Let b = l + v. Calculate the remainder when 11 is divided by b.
3
Suppose 2*z = 5*z - 84. Suppose 5*l - 7 = z. Calculate the remainder when l is divided by 3.
1
Let l be (-1336)/(-40) - (-2)/(-5). Suppose 3*b + l = 3*v, 0*v + 5*b + 34 = 2*v. Calculate the remainder when 18 is divided by v.
4
Suppose -t + 15 = -4. Calculate the remainder when 35 is divided by t.
16
Let p be (-2)/((-2 - -3) + 1). Suppose -y = -2*y + 2. Calculate the remainder when 21 is divided by (p/(-2))/(y/44).
10
Let c(x) = -2*x**2 + 12*x + 8. Suppose q = 2*q - 10. Let v be c(q). Let b = -25 - v. What is the remainder when b is divided by 12?
11
Let s = -116 + 228. What is the remainder when s is divided by 59?
53
Let l(m) = -2*m**3 - 3*m**2 - 6*m - 8. Calculate the remainder when l(-2) is divided by (-6)/(-9)*15/2.
3
Suppose 23 = 3*q - 37. Let p(h) = 12*h**2 + 3*h - 4. Calculate the remainder when p(-2) is divided by q.
18
Let q = -21 + 25. Calculate the remainder when 14 is divided by q.
2
Let w(l) = -l**3 - 2*l**2 + 1. Let k be w(-2). Let d = -4 - -23. Calculate the remainder when d is divided by (-93)/(-9) - k/3.
9
Let f = -31 - -57. Calculate the remainder when 99 is divided by f.
21
What is the remainder when 118 is 